Does 12 divide 759296645?
False
Does 3724 divide 1122704072?
True
Is 129432419 a multiple of 5354?
False
Is 193 a factor of 75381940?
True
Does 859 divide 609019833?
True
Is 497149806 a multiple of 420?
False
Is 279694611 a multiple of 399?
True
Does 12 divide 37603128?
True
Is 53973822 a multiple of 42?
True
Is 45 a factor of 9347033?
False
Does 1054 divide 209581576?
True
Is 72 a factor of 750548160?
True
Is 6939949072 a multiple of 20?
False
Is 116223987 a multiple of 62?
False
Is 4311811647 a multiple of 927?
True
Is 336 a factor of 63747264?
True
Is 18925355 a multiple of 154?
False
Is 1005327568 a multiple of 4492?
True
Is 178 a factor of 9226452?
True
Is 100646896 a multiple of 46?
True
Is 122159051 a multiple of 2635?
False
Does 227 divide 52845502?
False
Is 33190666 a multiple of 255?
False
Is 73441851 a multiple of 29?
False
Does 406 divide 41835371?
False
Is 1485627750 a multiple of 88?
False
Is 60 a factor of 258362464?
False
Does 432 divide 3275491908?
False
Does 456 divide 23620778?
False
Is 71270865 a multiple of 71?
True
Is 4 a factor of 20209228?
True
Does 13 divide 118073230?
False
Is 256 a factor of 39092925?
False
Does 30 divide 4998209?
False
Is 168250918 a multiple of 1797?
False
Is 4206595346 a multiple of 15?
False
Is 991722840 a multiple of 370?
True
Does 14 divide 2440408642?
True
Does 65 divide 440812075?
False
Is 27 a factor of 550740098?
False
Does 97 divide 20763820?
True
Does 33 divide 573185949?
False
Does 467 divide 1021837780?
False
Does 47 divide 1366599918?
True
Is 131 a factor of 51276151?
True
Is 2858 a factor of 278163424?
True
Is 1067518633 a multiple of 2482?
False
Is 31284292 a multiple of 281?
True
Does 17 divide 380910423?
False
Is 65166415 a multiple of 53?
True
Is 545 a factor of 95951733?
False
Is 212 a factor of 822280375?
False
Is 20 a factor of 12721775?
False
Does 83 divide 26202685?
True
Is 32 a factor of 51285728?
True
Is 943886727 a multiple of 792?
False
Is 16240713 a multiple of 8?
False
Does 189 divide 72596790?
True
Is 50163052 a multiple of 151?
False
Is 236757132 a multiple of 147?
False
Does 22 divide 1360139667?
False
Is 2638179 a multiple of 194?
False
Does 4 divide 84965568?
True
Is 21 a factor of 420067494?
True
Is 23158875 a multiple of 25?
True
Is 40 a factor of 29533360?
True
Does 42 divide 165785207?
False
Does 18 divide 580741251?
False
Is 262013240 a multiple of 8?
True
Is 598046904 a multiple of 819?
True
Is 52420623 a multiple of 172?
False
Does 4 divide 150569670?
False
Is 55839740 a multiple of 23?
False
Is 47 a factor of 268302345?
False
Is 2172363838 a multiple of 190?
False
Does 2760 divide 610986720?
True
Is 2477590 a multiple of 5?
True
Does 6 divide 232652283?
False
Is 15654113 a multiple of 29?
True
Is 316657827 a multiple of 872?
False
Does 100 divide 555569066?
False
Is 8380946 a multiple of 94?
True
Does 95 divide 114792468?
False
Is 15748697 a multiple of 113?
True
Is 20 a factor of 411148600?
True
Does 46 divide 280182780?
True
Is 2560 a factor of 2438799360?
True
Is 54 a factor of 22760716?
False
Is 148 a factor of 1567808607?
False
Does 1380 divide 70415880?
True
Is 27 a factor of 29544582?
False
Does 24 divide 46794696?
True
Does 6 divide 27401394?
True
Is 5446125 a multiple of 309?
True
Does 2300 divide 3197000?
True
Is 1512903678 a multiple of 39?
True
Is 268 a factor of 315666347?
False
Does 92 divide 769608101?
False
Does 2 divide 17032995?
False
Does 23 divide 273982725?
False
Is 63 a factor of 10331978?
False
Is 26 a factor of 5359924?
False
Does 8 divide 34664877?
False
Is 2023 a factor of 719900734?
True
Does 2777 divide 139957419?
False
Is 3304571 a multiple of 131?
False
Is 45 a factor of 490428723?
False
Is 8 a factor of 130199549?
False
Is 286 a factor of 47959938?
False
Is 35093170 a multiple of 994?
True
Is 64844206 a multiple of 346?
True
Is 639 a factor of 192137076?
True
Does 74 divide 29105088?
True
Is 150342276 a multiple of 1556?
True
Does 33 divide 31355129?
False
Is 42094305 a multiple of 9?
True
Is 593055730 a multiple of 3908?
False
Does 78 divide 780972?
False
Is 860523300 a multiple of 2730?
True
Is 449621824 a multiple of 148?
False
Is 10 a factor of 31244236?
False
Is 43001283 a multiple of 39?
True
Does 1207 divide 37861176?
True
Is 107573384 a multiple of 12?
False
Is 38698776 a multiple of 27?
True
Does 128 divide 50877824?
True
Does 41 divide 631741?
False
Does 2599 divide 1885028710?
True
Is 266 a factor of 128856784?
True
Does 2271 divide 42081818?
False
Is 60 a factor of 285235778?
False
Is 140428197 a multiple of 277?
True
Is 177931157 a multiple of 1517?
False
Does 69 divide 13026234?
True
Does 1562 divide 5436845?
False
Is 87506776 a multiple of 14?
True
Is 1215871748 a multiple of 9?
False
Does 133 divide 20995008?
False
Is 128022158 a multiple of 177?
False
Does 237 divide 30404019?
True
Is 44 a factor of 14139884?
True
Is 64443104 a multiple of 1712?
True
Does 19 divide 483835?
True
Is 4 a factor of 10518926?
False
Does 75 divide 140293129?
False
Does 690 divide 291066933?
False
Is 10 a factor of 23630780?
True
Is 831057283 a multiple of 13?
False
Is 9151003 a multiple of 2?
False
Is 376 a factor of 3726905035?
False
Does 4 divide 5145705?
False
Is 272 a factor of 200047840?
True
Is 29 a factor of 3851317856?
True
Does 1642 divide 1660172014?
True
Is 195840483 a multiple of 236?
False
Is 237532613 a multiple of 1908?
False
Is 23 a factor of 10478340?
True
Does 31 divide 625452032?
True
Is 540033422 a multiple of 823?
False
Is 325 a factor of 2380625?
True
Does 47 divide 647646723?
False
Is 474151 a multiple of 142?
False
Is 4817 a factor of 2769887?
False
Is 198060772 a multiple of 14?
True
Does 2731 divide 126060229?
True
Is 180 a factor of 109478340?
True
Is 250 a factor of 39623714?
False
Does 32 divide 162872480?
True
Is 3271 a factor of 63645723?
False
Is 73 a factor of 152116092?
False
Is 279250662 a multiple of 5322?
True
Is 4 a factor of 428407134?
False
Is 724645863 a multiple of 93?
True
Is 5 a factor of 159051400?
True
Is 17 a factor of 2330584820?
False
Does 685 divide 2112026935?
True
Is 78 a factor of 1679359059?
False
Is 284 a factor of 370502371?
False
Does 1850 divide 22779972?
False
Does 1146 divide 1169483286?
False
Does 75 divide 197060247?
False
Is 66 a factor of 203777574?
True
Does 15 divide 52775928?
False
Does 1048 divide 158108880?
False
Does 11 divide 486851440?
False
Does 512 divide 9769370?
False
Is 7048550 a multiple of 610?
True
Is 27412473 a multiple of 933?
True
Does 108 divide 673834552?
False
Does 10194 divide 1171830882?
True
Is 5533533 a multiple of 2?
False
Is 3625832 a multiple of 56?
True
Is 35140297 a multiple of 7390?
False
Is 30194945 a multiple of 1721?
True
Is 20 a factor of 465817700?
True
Is 195 a factor of 5804130744?
False
Is 172583082 a multiple of 251?
True
Is 1118857 a multiple of 123?
False
Is 1215186 a multiple of 22?
False
Does 85 divide 77182353?
False
Does 39 divide 50554014?
False
Is 650347814 a multiple of 1231?
False
Is 2497240 a multiple of 298?
True
Does 292 divide 706057752?
True
Does 17 divide 7508917?
True
Is 83020207 a multiple of 53?
True
Is 16 a factor of 1704515632?
True
Is 3323 a factor of 140014605?
True
Is 128904160 a multiple of 140?
True
Is 8 a factor of 208103328?
True
Is 160 a factor of 271831040?
True
Is 377003016 a multiple of 6?
True
Does 52 divide 156959359?
False
Does 114 divide 56778726?
True
Is 2 a factor of 443243?
False
Is 1092 a factor of 170042964?
True
Is 133 a factor of 12403447?
True
Does 2228 divide 3225339692?
True
Is 1370 a factor of 197492350?
True
Does 256 divide 1332933376?
True
Is 3110783352 a multiple of 12?
True
Is 84148965 a multiple of 9?
True
Is 30144672 a multiple of 24?
True
Is 585 a factor of 119213661?
False
Is 893074848 a multiple of 894?
False
Is 373757749 a multiple of 97?
False
Does 282 divide 45236794?
False
Does 80 divide 631691200?
True
Is 37253502 a multiple of 286?
True
Does 1070 divide 28927450?
True
Does 68 divide 38552895?
False
Is 1253570654 a multiple of 240?
False
Is 855 a factor of 24636825?
True
Is 5 a factor of 8531025?
True
Is 222 a factor of 30318335?
False
Does 649 divide 246699953?
False
Is 75 a factor of 397577910?
False
Is 94201646 a multiple of 18?
False
Is 4581000 a multiple of 50